. Suppose -6*z = -247 - p. What are the prime factors of z?
2, 3, 5
What are the prime factors of (30/(-16))/((-2)/18092) - 336/1344?
7, 2423
Let b(g) = -g**2 - 25 + 0*g**2 + 0*g**2 + 16*g - 56*g. Let t be b(-18). Let v = t + -184. What are the prime factors of v?
11, 17
Suppose -4*r - t = t - 28, 2*t = -r + 13. Suppose -r*g + 3*s = -76, -g + 4*s - 2 + 7 = 0. Suppose g = 2*b - 269. List the prime factors of b.
11, 13
Suppose 0 = -5*x + 3*i + 307435, -5 = 1142*i - 1141*i. List the prime factors of x.
2, 19, 809
Let a = 911 - 305. Suppose 0 = -13*v + 16*v - a. List the prime factors of v.
2, 101
Let a(v) = -25*v + 9. Suppose -n - 3 = 0, n = 4*o + 4*n + 21. What are the prime factors of a(o)?
2, 3, 7
Let c = 46 - -29. Let v = c + -75. Suppose v = -76*i + 73*i + 189. List the prime factors of i.
3, 7
Let u(s) = -112*s + 16 - s**2 - 126*s + 271*s. List the prime factors of u(25).
2, 3
Let r = -85 + 116. Let f = r - -1060. List the prime factors of f.
1091
Suppose 114*z + 244 = 110*z. Let u = -163 + 35. Let n = z - u. What are the prime factors of n?
67
Let k = 14726 - 1943. What are the prime factors of k?
3, 4261
Suppose d - 62209 = 40*i - 44*i, -3*d + 62195 = 4*i. List the prime factors of i.
2, 7, 11, 101
What are the prime factors of 13/26*2*2593*7?
7, 2593
Suppose 9*s = 7*s + 504. Suppose -s = -2*h - h. Suppose -5*u - 5*o + 420 = 0, h = 4*u - 3*u + 2*o. List the prime factors of u.
2, 3, 7
Let f(j) = -j. Let a(h) = -h - 1. Let b(r) = 3*a(r) - 5*f(r). Let o be b(3). Suppose -4*l - 394 = -o*d, 6*d - 3*l - 516 = 2*d. What are the prime factors of d?
2, 3, 7
Suppose -311234 = -5*d - 88080 + 48486. What are the prime factors of d?
2, 6791
Let k(c) = -11*c + c**2 - 12 - 3*c - 6. Let m be k(14). List the prime factors of 3*(-12)/8*m.
3
Let z be (0 - -46) + -1*2. Let s = 162 + -197. Let q = z + s. List the prime factors of q.
3
List the prime factors of (-12)/(-48) + (116091/4 - (2 + -1)).
2, 3, 7, 691
Suppose 0 = -4*y - 5*p + 5341, -5*y + 22*p + 6675 = 27*p. Suppose -4498 = -36*h + y. What are the prime factors of h?
2, 3
Let b = -41 - 86. Let m = b + 149. What are the prime factors of m?
2, 11
Let p(u) be the third derivative of 433*u**6/60 + u**5/60 + u**4/24 - u**3/6 - 14*u**2. Let o be p(1). Suppose 9*f = o + 1851. List the prime factors of f.
2, 151
Let h be ((-19)/(-2) + -2)*40/50. Suppose h*z + 9 = 9*z. Let v(r) = 72*r - 1. List the prime factors of v(z).
5, 43
Let b(f) = -5*f**3 + 30*f**2 + 30*f - 22. List the prime factors of b(-20).
2, 3, 8563
Suppose x - 5*j = -20, x - 4*x - 12 = -3*j. Let z(q) = -2*q + 41 + 32 + 3*q - q**3 - 27 + 32. What are the prime factors of z(x)?
2, 3, 13
Let a be 114/(-27) + (-8)/(-36). Let l be (-24 - a) + -1 + 0. Let k = l + 62. What are the prime factors of k?
41
Let r(w) be the second derivative of w**5/20 - w**4/3 + w**3/2 - 2*w**2 + 18*w. Let h be r(3). What are the prime factors of (833/34)/((-1)/h)?
2, 7
List the prime factors of (-3 + 75490/50)/(4/100).
2, 5, 3767
Suppose 14*n - 342 = 16*n. List the prime factors of (541/3)/((-19)/n).
3, 541
Let k = 93 + -87. Suppose -2*b = -4*t + 3066, 8*b = 2*t + k*b - 1536. List the prime factors of t.
3, 5, 17
Let g = 333 - 598. List the prime factors of (18/(-1))/(10/g).
3, 53
Let u = -6581 - -7803. List the prime factors of u.
2, 13, 47
Suppose j - 1 = -0. Let c be 3336/16 - j/(-2). Suppose -4*r = -8*v + 7*v + c, 5*v = 5*r + 985. List the prime factors of v.
193
Suppose -3*k = -2*k. Suppose 3*g - 7 - 68 = k. Suppose 0 = 3*t - 212 - g. What are the prime factors of t?
79
Let k(h) = -1153*h + 7275. List the prime factors of k(-22).
7, 4663
Suppose -2*g + 0*g = 5*o, -g + 5 = 0. Let j = o - -3. List the prime factors of 1/j + 2*31.
3, 7
Suppose -w + 9927 = 2*j, -9924 = -10*j + 8*j - 2*w. What are the prime factors of j?
3, 5, 331
Let z(a) be the third derivative of 79*a**4/24 + 79*a**3/2 + 244*a**2. List the prime factors of z(12).
3, 5, 79
Let t(a) = 19*a**2 - 65*a - 250. List the prime factors of t(-23).
2, 353
Suppose -6*q + 4*q - 4 = 0. Let z = q + 8. Suppose -z*g = -5*g - 48. What are the prime factors of g?
2, 3
Let x = 33 - 9. Suppose x*j = 26*j - 6. List the prime factors of 85 - -15 - j*-1.
103
Let o(u) = 36*u**2 - 10*u + 112. Let m be o(7). Suppose 6*j - m = -96. List the prime factors of j.
3, 5, 19
Suppose 228*r - 249*r + 1358091 = 0. List the prime factors of r.
3, 21557
Suppose -5*k = 4*t - 88, 5*t = 5*k + 8 + 102. Let z = t - 27. What are the prime factors of z/45 - (-1084)/36?
2, 3, 5
Let b(p) = 2773*p - 354. Let f(m) = -63*m + 8. Let x(y) = 4*b(y) + 177*f(y). What are the prime factors of x(-4)?
2, 59
Let p(y) = 52*y + 627. List the prime factors of p(27).
3, 677
List the prime factors of (6/(-9))/(110/(-120923)) - (-2)/15.
733
Let k(l) = l**2 + 6*l - 5. Let s be k(-7). Suppose -w - 17 = -4*r, -r + 6*w - 7*w + 3 = 0. Suppose -z - r = -s*z. What are the prime factors of z?
2
Suppose 3*l + 1 + 5 = 0, -609 = -h + l. List the prime factors of h.
607
Suppose 6*k - k + v = 180, -4*v = -5*k + 155. Suppose -14352 = -k*b + 9*b. List the prime factors of b.
2, 3, 23
Let i(q) be the second derivative of -45/2*q**2 + 10*q - 1/12*q**4 + 19/6*q**3 + 0. List the prime factors of i(15).
3, 5
Let c = 23402 + -15854. What are the prime factors of c?
2, 3, 17, 37
Suppose 0 = 5*f + 2*c - 389273, 2*c - 74498 = -f + 3363. What are the prime factors of f?
3, 25951
List the prime factors of (14/8 + -1)/(6/(-30692))*-2.
7673
Suppose 17*m - 528 = 67. Suppose -27 = -u - 4*r, -m*r + 31*r = -5*u + 135. List the prime factors of u.
3
Let c = -172 + 174. Suppose -5*l + 5*f = 9*f - 1251, 0 = -2*f - c. List the prime factors of l.
251
Let i(c) = 7*c**2 + 4*c - 3. Let p be i(-3). Suppose 0 = -10*b + 2*b - p. Let s(t) = -13*t + 9. List the prime factors of s(b).
3, 29
Let c be (-14 + -7 + 19)/(2/(-10)). Suppose 0 = -c*j + 2414 + 1286. List the prime factors of j.
2, 5, 37
Suppose -29*o - 2*o = o - 599296. What are the prime factors of o?
2, 2341
Let k = -37 - -63. Suppose 3*a + 0 - 29 = -2*m, 2*a - k = -3*m. Suppose -a*c + 186 = -283. List the prime factors of c.
67
Let w(k) = k**2 - 3*k + 2. Let d be w(3). Suppose d*z - 9 = -1. Suppose 0 = -z*x + 91 + 41. List the prime factors of x.
3, 11
Let h = 293 - -423. Let c(o) = -o - 13. Let b be c(-16). Suppose 2*i - 2*f - 354 = -b*f, 4*i + 4*f - h = 0. What are the prime factors of i?
5, 7
Suppose 5*z - 185 = -3*p, 7*p - 4*p = -2*z + 65. Let c be (2*3)/((z/(-75))/(-4)). Let v = c - 41. What are the prime factors of v?
2
Let q = -321 - -331. Suppose 4*t = 4*d - 3004, -3*d = -8*t + q*t - 2243. What are the prime factors of d?
7, 107
Let b(g) = 290*g + 1051. Let n(v) = -145*v - 526. Let t(o) = 3*b(o) + 7*n(o). List the prime factors of t(-6).
11, 31
Let k(v) = -v**3 + 10*v**2 + 10*v + 15. Let f be k(11). Suppose 17 = f*q + 5. Suppose -q*c + 8*c = 365. List the prime factors of c.
73
Let o be (-6)/(-14) + 624/(-182). Let v(t) = -2*t + 48. Let a be v(23). What are the prime factors of (3 - -6)/(o*a/(-148))?
2, 3, 37
Let f(r) = 131*r + 246. What are the prime factors of f(54)?
2, 3, 5, 61
List the prime factors of 475/(-5225) + 699062/11.
103, 617
Let f be (1 - -4)*(-20 - -19) + 328. Suppose f*d = 325*d - 534. List the prime factors of d.
3, 89
Suppose -6*n + 11*n + 4*s + 3350 = 0, 0 = -5*n + 5*s - 3395. Let t = n + 1802. List the prime factors of t.
2, 3, 47
Let f = 201 + 119. Suppose 5*y + 7*q = 5*q + 792, -f = -2*y - 4*q. What are the prime factors of y?
2, 79
Suppose -4*t + 32*g + 79668 = 30*g, -3*t - 4*g + 59740 = 0. List the prime factors of t.
2, 13, 383
Suppose 102*p - 5702231 + 932432 = 343155. What are the prime factors of p?
3, 7, 11, 31
Suppose 4*q - 4 = 5*x - 3, q - x - 1 = 0. Suppose -11*f + 287 = -q*f. Suppose -171 = -u - f. What are the prime factors of u?
2, 5, 13
List the prime factors of ((-50)/(-25))/(4/63404 - 0).
2, 11, 131
Let z be (7/3)/(-7)*12. Let k(m) = -1334*m + 1334. Let q(s) = 31*s - 31. Let p(u) = -2*k(u) - 87*q(u). What are the prime factors of p(z)?
5, 29
List the prime factors of 435841/35 - ((-11)/40 + 34/(-272)).
3, 7, 593
Let t be ((-41)/(-2) - 2)/((-3)/(-1104)). Let q = -13560 + t. What are the prime factors of (-12)/(-10) - 1 - q/40?
13
Let s(z) = -92*z**2 + 4*z - 2. Let b be s(1). Let v = b + 95. Suppose -